{"id":194,"date":"2015-11-19T17:34:12","date_gmt":"2015-11-19T15:34:12","guid":{"rendered":"http:\/\/vandiepenbeeck.info\/?page_id=194"},"modified":"2015-11-28T17:09:39","modified_gmt":"2015-11-28T15:09:39","slug":"societe-meteorologique","status":"publish","type":"page","link":"http:\/\/vandiepenbeeck.info\/index.php\/page-d-exemple\/societe-meteorologique\/","title":{"rendered":"Soci\u00e9t\u00e9s M\u00e9t\u00e9orologiques"},"content":{"rendered":"<p style=\"text-align: center;\"><span style=\"font-size: 14pt;\">Soci\u00e9t\u00e9s M\u00e9t\u00e9orologiques<\/span><\/p>\n<table>\n<tbody>\n<tr>\n<td style=\"text-align: center;\"><a href=\"http:\/\/www.srba.be\/\" target=\"_blank\"><span style=\"font-size: 14pt; color: #3366ff;\">SRBA: Soci\u00e9t\u00e9 Royale Belge d&rsquo;Astronomie,<\/span><\/a><br \/>\n<a href=\"http:\/\/www.srba.be\/\" target=\"_blank\"> <span style=\"font-size: 14pt; color: #3366ff;\"> de M\u00e9t\u00e9orologie et de Physique du Globe<\/span><\/a><\/td>\n<td style=\"text-align: center;\"><span style=\"font-size: 14pt; color: #3366ff;\"><a style=\"color: #3366ff;\" href=\"http:\/\/www.vvs.be\/werkgroepen\/werkgroep-weerkunde\" target=\"_blank\">Werkgroep Weerkunde Vlaanderen<\/a><\/span><\/td>\n<td style=\"text-align: center;\"><span style=\"font-size: 14pt; color: #3366ff;\">\u00a0<a style=\"color: #3366ff;\" href=\"http:\/\/meteoetclimat.fr\/\" target=\"_blank\">M\u00e9t\u00e9o et Climat France<\/a><\/span><\/td>\n<\/tr>\n<tr>\n<td style=\"text-align: center;\"><span style=\"font-size: 14pt; color: #3366ff;\"><a style=\"color: #3366ff;\" href=\"http:\/\/www.emetsoc.org\/\" target=\"_blank\">EMS Society Page<\/a><\/span><\/td>\n<td style=\"text-align: center;\"><span style=\"font-size: 14pt; color: #3366ff;\">\u00a0<\/span><span style=\"font-size: 14pt; color: #3366ff;\"><a style=\"color: #3366ff;\" href=\"http:\/\/www.rmets.org\/\" target=\"_blank\">Royal Meteorological Society<\/a><\/span><\/td>\n<td style=\"text-align: center;\"><span style=\"font-size: 14pt; color: #3366ff;\"><a style=\"color: #3366ff;\" href=\"https:\/\/www2.ametsoc.org\/ams\/\" target=\"_blank\">American Meteorological <\/a><\/span><span style=\"font-size: 14pt; color: #3366ff;\"><a style=\"color: #3366ff;\" href=\"https:\/\/www2.ametsoc.org\/ams\/\" target=\"_blank\">Society<\/a><\/span><\/td>\n<td style=\"text-align: center;\"><\/td>\n<\/tr>\n<tr>\n<td style=\"text-align: center;\"><span style=\"font-size: 14pt; color: #3366ff;\"><a style=\"color: #3366ff;\" href=\"http:\/\/www.bom.gov.au\" target=\"_blank\">Bureau of Meteorological Research Cernter Melbourne Australie<\/a><\/span><\/td>\n<td style=\"text-align: center;\"><\/td>\n<td style=\"text-align: center;\"><span style=\"font-size: 14pt; color: #3366ff;\"><br \/>\n<\/span><\/td>\n<\/tr>\n<\/tbody>\n<\/table>\n<p>&nbsp;<\/p>\n","protected":false},"excerpt":{"rendered":"<p>Soci\u00e9t\u00e9s M\u00e9t\u00e9orologiques SRBA: Soci\u00e9t\u00e9 Royale Belge d&rsquo;Astronomie, de M\u00e9t\u00e9orologie et de Physique du Globe Werkgroep Weerkunde Vlaanderen \u00a0M\u00e9t\u00e9o et Climat France EMS Society Page \u00a0Royal Meteorological Society American Meteorological Society Bureau of Meteorological Research Cernter Melbourne Australie &nbsp;<\/p>\n","protected":false},"author":1,"featured_media":0,"parent":2,"menu_order":0,"comment_status":"closed","ping_status":"closed","template":"","meta":{"_uag_custom_page_level_css":"","footnotes":""},"class_list":["post-194","page","type-page","status-publish","hentry"],"uagb_featured_image_src":{"full":false,"thumbnail":false,"medium":false,"medium_large":false,"large":false,"1536x1536":false,"2048x2048":false},"uagb_author_info":{"display_name":"mvdpb","author_link":"http:\/\/vandiepenbeeck.info\/index.php\/author\/mvdpb\/"},"uagb_comment_info":0,"uagb_excerpt":"Soci\u00e9t\u00e9s M\u00e9t\u00e9orologiques SRBA: Soci\u00e9t\u00e9 Royale Belge d&rsquo;Astronomie, de M\u00e9t\u00e9orologie et de Physique du Globe Werkgroep Weerkunde Vlaanderen \u00a0M\u00e9t\u00e9o et Climat France EMS Society Page \u00a0Royal Meteorological Society American Meteorological Society Bureau of Meteorological Research Cernter Melbourne Australie &nbsp;","jetpack_sharing_enabled":true,"_links":{"self":[{"href":"http:\/\/vandiepenbeeck.info\/index.php\/wp-json\/wp\/v2\/pages\/194","targetHints":{"allow":["GET"]}}],"collection":[{"href":"http:\/\/vandiepenbeeck.info\/index.php\/wp-json\/wp\/v2\/pages"}],"about":[{"href":"http:\/\/vandiepenbeeck.info\/index.php\/wp-json\/wp\/v2\/types\/page"}],"author":[{"embeddable":true,"href":"http:\/\/vandiepenbeeck.info\/index.php\/wp-json\/wp\/v2\/users\/1"}],"replies":[{"embeddable":true,"href":"http:\/\/vandiepenbeeck.info\/index.php\/wp-json\/wp\/v2\/comments?post=194"}],"version-history":[{"count":15,"href":"http:\/\/vandiepenbeeck.info\/index.php\/wp-json\/wp\/v2\/pages\/194\/revisions"}],"predecessor-version":[{"id":257,"href":"http:\/\/vandiepenbeeck.info\/index.php\/wp-json\/wp\/v2\/pages\/194\/revisions\/257"}],"up":[{"embeddable":true,"href":"http:\/\/vandiepenbeeck.info\/index.php\/wp-json\/wp\/v2\/pages\/2"}],"wp:attachment":[{"href":"http:\/\/vandiepenbeeck.info\/index.php\/wp-json\/wp\/v2\/media?parent=194"}],"curies":[{"name":"wp","href":"https:\/\/api.w.org\/{rel}","templated":true}]}}